{"id":823,"date":"2022-10-04T15:04:29","date_gmt":"2022-10-04T15:04:29","guid":{"rendered":"http:\/\/blog.uees.edu.sv\/?page_id=823"},"modified":"2022-11-14T14:24:33","modified_gmt":"2022-11-14T14:24:33","slug":"septiembre","status":"publish","type":"page","link":"http:\/\/blog.uees.edu.sv\/index.php\/septiembre\/","title":{"rendered":"Septiembre"},"content":{"rendered":"<div id=\"pl-823\"  class=\"panel-layout\" ><div id=\"pg-823-0\"  class=\"panel-grid panel-no-style\" ><div id=\"pgc-823-0-0\"  class=\"panel-grid-cell\" ><div id=\"panel-823-0-0-0\" class=\"so-panel widget widget_sow-editor panel-first-child panel-last-child\" data-index=\"0\" ><div class=\"so-widget-sow-editor so-widget-sow-editor-base\"><h3 class=\"widget-title\">Un estudio: biodiversidad en el \u201cCerro Negro\u201d Chalatenango.<\/h3>\n<div class=\"siteorigin-widget-tinymce textwidget\">\n\t<h1>CONFERENCIAS DE AVANCE DE INVESTIGACI\u00d3N 2022 CENTRO DE INVESTIGACI\u00d3N SALUD Y SOCIEDAD<\/h1>\n<\/div>\n<\/div><\/div><\/div><\/div><div id=\"pg-823-1\"  class=\"panel-grid panel-no-style\" ><div id=\"pgc-823-1-0\"  class=\"panel-grid-cell\" ><div id=\"panel-823-1-0-0\" class=\"so-panel widget widget_sow-editor panel-first-child panel-last-child\" data-index=\"1\" ><div class=\"so-widget-sow-editor so-widget-sow-editor-base\"><h3 class=\"widget-title\">Un estudio: biodiversidad en el \u201cCerro Negro\u201d Chalatenango.<\/h3>\n<div class=\"siteorigin-widget-tinymce textwidget\">\n\t<p><iframe title=\"YouTube video player\" src=\"https:\/\/www.youtube.com\/embed\/2ytblgj6zUY\" width=\"830\" height=\"515\" frameborder=\"0\" allowfullscreen=\"allowfullscreen\"><\/iframe><\/p>\n<p style=\"text-align: center;\"><strong>Ponente:<\/strong> Melvin Iv\u00e1n L\u00f3pez M\u00e9ndez, Msc.<\/p>\n<\/div>\n<\/div><\/div><\/div><\/div><div id=\"pg-823-2\"  class=\"panel-grid panel-no-style\" ><div id=\"pgc-823-2-0\"  class=\"panel-grid-cell\" ><div id=\"panel-823-2-0-0\" class=\"so-panel widget widget_sow-editor panel-first-child panel-last-child\" data-index=\"2\" ><div class=\"so-widget-sow-editor so-widget-sow-editor-base\"><h3 class=\"widget-title\">La deuda de 1931-32 en El Salvador: el papel de la Asamblea Legislativa de la \u00e9poca. <\/h3>\n<div class=\"siteorigin-widget-tinymce textwidget\">\n\t<p><iframe title=\"YouTube video player\" src=\"https:\/\/www.youtube.com\/embed\/LcBca64UP1o\" width=\"400\" height=\"300\" frameborder=\"0\" allowfullscreen=\"allowfullscreen\"><\/iframe><\/p>\n<p style=\"text-align: center;\"><strong>Ponente: <\/strong>Roberto Armando Vald\u00e9s Valle, PhD.<\/p>\n<\/div>\n<\/div><\/div><\/div><div id=\"pgc-823-2-1\"  class=\"panel-grid-cell\" ><div id=\"panel-823-2-1-0\" class=\"so-panel widget widget_sow-editor panel-first-child panel-last-child\" data-index=\"3\" ><div class=\"so-widget-sow-editor so-widget-sow-editor-base\"><h3 class=\"widget-title\">Estado actual del b\u00e1lsamo, sus propiedades y viabilidad como cultivo en El Salvador <\/h3>\n<div class=\"siteorigin-widget-tinymce textwidget\">\n\t<p><iframe title=\"YouTube video player\" src=\"https:\/\/www.youtube.com\/embed\/ZeUTR4dyrj4\" width=\"500\" height=\"300\" frameborder=\"0\" allowfullscreen=\"allowfullscreen\"><\/iframe><\/p>\n<p style=\"text-align: center;\"><strong>Ponente: <\/strong>Nery Francisco Herrera Pineda, Msc.<\/p>\n<\/div>\n<\/div><\/div><\/div><\/div><\/div>","protected":false},"excerpt":{"rendered":"<p>CONFERENCIAS DE AVANCE DE INVESTIGACI\u00d3N 2022 CENTRO DE INVESTIGACI\u00d3N SALUD Y SOCIEDAD Ponente: Melvin Iv\u00e1n L\u00f3pez M\u00e9ndez, Msc.<\/p>\n","protected":false},"author":1,"featured_media":0,"parent":0,"menu_order":0,"comment_status":"open","ping_status":"closed","template":"","meta":[],"yoast_head":"<!-- This site is optimized with the Yoast SEO plugin v15.6.2 - https:\/\/yoast.com\/wordpress\/plugins\/seo\/ -->\n<title>Septiembre - Blog UEES- Poster Cient\u00edfico<\/title>\n<meta name=\"robots\" content=\"index, follow, max-snippet:-1, max-image-preview:large, max-video-preview:-1\" \/>\n<link rel=\"canonical\" href=\"http:\/\/blog.uees.edu.sv\/index.php\/septiembre\/\" \/>\n<meta property=\"og:locale\" content=\"es_ES\" \/>\n<meta property=\"og:type\" content=\"article\" \/>\n<meta property=\"og:title\" content=\"Septiembre - Blog UEES- Poster Cient\u00edfico\" \/>\n<meta property=\"og:description\" content=\"CONFERENCIAS DE AVANCE DE INVESTIGACI\u00d3N 2022 CENTRO DE INVESTIGACI\u00d3N SALUD Y SOCIEDAD Ponente: Melvin Iv\u00e1n L\u00f3pez M\u00e9ndez, Msc.\" \/>\n<meta property=\"og:url\" content=\"http:\/\/blog.uees.edu.sv\/index.php\/septiembre\/\" \/>\n<meta property=\"og:site_name\" content=\"Blog UEES- Poster Cient\u00edfico\" \/>\n<meta property=\"article:modified_time\" content=\"2022-11-14T14:24:33+00:00\" \/>\n<meta name=\"twitter:card\" content=\"summary_large_image\" \/>\n<meta name=\"twitter:label1\" content=\"Tiempo de lectura\">\n\t<meta name=\"twitter:data1\" content=\"1 minuto\">\n<script type=\"application\/ld+json\" class=\"yoast-schema-graph\">{\"@context\":\"https:\/\/schema.org\",\"@graph\":[{\"@type\":\"WebSite\",\"@id\":\"http:\/\/blog.uees.edu.sv\/#website\",\"url\":\"http:\/\/blog.uees.edu.sv\/\",\"name\":\"Blog UEES- Poster Cient\\u00edfico\",\"description\":\"\",\"potentialAction\":[{\"@type\":\"SearchAction\",\"target\":\"http:\/\/blog.uees.edu.sv\/?s={search_term_string}\",\"query-input\":\"required name=search_term_string\"}],\"inLanguage\":\"es\"},{\"@type\":\"WebPage\",\"@id\":\"http:\/\/blog.uees.edu.sv\/index.php\/septiembre\/#webpage\",\"url\":\"http:\/\/blog.uees.edu.sv\/index.php\/septiembre\/\",\"name\":\"Septiembre - Blog UEES- Poster Cient\\u00edfico\",\"isPartOf\":{\"@id\":\"http:\/\/blog.uees.edu.sv\/#website\"},\"datePublished\":\"2022-10-04T15:04:29+00:00\",\"dateModified\":\"2022-11-14T14:24:33+00:00\",\"inLanguage\":\"es\",\"potentialAction\":[{\"@type\":\"ReadAction\",\"target\":[\"http:\/\/blog.uees.edu.sv\/index.php\/septiembre\/\"]}]}]}<\/script>\n<!-- \/ Yoast SEO plugin. -->","_links":{"self":[{"href":"http:\/\/blog.uees.edu.sv\/index.php\/wp-json\/wp\/v2\/pages\/823"}],"collection":[{"href":"http:\/\/blog.uees.edu.sv\/index.php\/wp-json\/wp\/v2\/pages"}],"about":[{"href":"http:\/\/blog.uees.edu.sv\/index.php\/wp-json\/wp\/v2\/types\/page"}],"author":[{"embeddable":true,"href":"http:\/\/blog.uees.edu.sv\/index.php\/wp-json\/wp\/v2\/users\/1"}],"replies":[{"embeddable":true,"href":"http:\/\/blog.uees.edu.sv\/index.php\/wp-json\/wp\/v2\/comments?post=823"}],"version-history":[{"count":36,"href":"http:\/\/blog.uees.edu.sv\/index.php\/wp-json\/wp\/v2\/pages\/823\/revisions"}],"predecessor-version":[{"id":890,"href":"http:\/\/blog.uees.edu.sv\/index.php\/wp-json\/wp\/v2\/pages\/823\/revisions\/890"}],"wp:attachment":[{"href":"http:\/\/blog.uees.edu.sv\/index.php\/wp-json\/wp\/v2\/media?parent=823"}],"curies":[{"name":"wp","href":"https:\/\/api.w.org\/{rel}","templated":true}]}}